 Calculate the remainder when ((-10)/f)/(l/12) is divided by 1.
0
Let z(q) be the third derivative of 1/24*q**4 + 12*q**2 + 0*q + 10/3*q**3 - 1/120*q**6 + 0 - 7/60*q**5. Calculate the remainder when z(-9) is divided by 35.
33
Suppose -81 = -v - 4*v - 4*d, 5*d = -5*v + 80. What is the remainder when 150 is divided by v?
14
Let n = 9 - 9. Suppose -3*k - k + 5*h + 10 = n, k + 3*h + 6 = 0. Suppose 0 = 4*j - 28 - k. Calculate the remainder when 26 is divided by j.
5
Suppose 5*j + 26 = -n + 208, -5*n + 59 = 2*j. Calculate the remainder when j is divided by (-3)/3*2*-7.
9
Let x(r) = r. Let b be x(2). Let i be (2 + -5)/(b/(-90)). Let h = i - 92. What is the remainder when h is divided by 11?
10
Suppose -18 - 118 = -2*q. What is the remainder when 201 is divided by q?
65
Suppose 2*l - 1 = 9. Suppose 2*y + 37 + 18 = l*c, -2*c + 22 = 5*y. What is the remainder when 49 is divided by c?
5
Calculate the remainder when 56 is divided by 1*(-8)/((-48)/66).
1
Let l(c) = c**2 - 13*c - 12. Let n be l(14). Suppose 4*j = 3*t + 5*j - 75, -40 = -n*t - 4*j. Let f = -13 + t. What is the remainder when 64 is divided by f?
12
Let t(o) = 50*o**2 + 5*o - 8. Let j(l) = l - 1. Let m(n) = -6*j(n) + t(n). What is the remainder when m(-1) is divided by 17?
15
Let v = -5 + 14. Let f = -493 - -527. What is the remainder when f is divided by v?
7
Let g be -2*(-1 - (-4 + 3) - -3). Let p = -10 - 0. Let t = g - p. Calculate the remainder when 11 is divided by t.
3
Let o be (156/9)/(4/72). Suppose -6 = -6*t + o. What is the remainder when t is divided by 11?
9
Suppose 168 = 13*b - 53. Calculate the remainder when 167 is divided by b.
14
Let b = 1313 - 1233. Calculate the remainder when 389 is divided by b.
69
Let p(q) be the third derivative of 5*q**4/24 + 3*q**3/2 + 14*q**2. Calculate the remainder when p(5) is divided by 7.
6
Suppose n = 2*r + r + 46, 3*r + n = -44. Let b = r + 34. Let i = -9 - -14. What is the remainder when b is divided by i?
4
Let c = -452 - -605. What is the remainder when c is divided by 56?
41
Let p = -171 - -172. Suppose 0 - 3 = 3*i. Calculate the remainder when 40 is divided by 23 - (i + 2) - p.
19
Let k = -217 - -254. What is the remainder when 71 is divided by k?
34
Let b = -9 - -20. Let d(p) = 13*p - 11. Suppose 0 = -6*n + 24 - 0. What is the remainder when d(n) is divided by b?
8
Let x(d) = d**3 - 4*d**2 - 5*d + 9. Let a be x(5). Suppose -7*w - 2 = -a*w. Calculate the remainder when 18 is divided by 5/(-3)*(-2 - w).
3
Suppose m + 8 = 3*m. Suppose -24*v - 85*v - 955 + 3135 = 0. Calculate the remainder when v is divided by m.
0
Let s = 17 + -15. Suppose o + s*o = 6. Let l = 2 - -2. What is the remainder when l is divided by o?
0
Let z(y) = -2*y + 4. Let n be z(5). Let f = n - -8. Suppose -5*l = 4*i - 44, -f*l - i - 7 = -3*l. Calculate the remainder when 23 is divided by l.
7
Let a(p) = 6*p**3 - 2*p**2 - p - 3. Let h be a(2). Suppose h*r - 26*r = 207. Calculate the remainder when r is divided by 8.
7
Let a = -2828 - -2837. What is the remainder when (-1 - 1)/(2/(-28)) is divided by a?
1
Suppose -u + 2*u = 2. Let p be -2 - 39/(1 - 4). Suppose -p = -3*w - u. What is the remainder when 5 is divided by w?
2
Suppose 2*l = 5*a - 1247, 3*a + 12*l = 7*l + 773. Calculate the remainder when a is divided by 15.
11
Suppose 18*g = 9*g + 45. What is the remainder when 10 is divided by g?
0
Let c = 799 + -783. Calculate the remainder when 3453 is divided by c.
13
Let d = 57 - 37. Let w(i) = -i**2 + 3*i + 3. Let a be w(3). Suppose 0 = 4*g + a*g - 546. What is the remainder when g is divided by d?
18
Let m = 20 + -13. Suppose c = 55*c - 162. What is the remainder when m is divided by c?
1
Suppose 0 = 3*u - 5*z + 14, 15 = -4*u - 0*z + 3*z. Let c(w) = 4*w**2 + w. What is the remainder when 52 - 1*(u + 2) is divided by c(-2)?
11
Let i = 2256 + -2122. Calculate the remainder when i is divided by 48.
38
Suppose -6*k = -3*k - 165. Let z = 67 - k. What is the remainder when 21 is divided by z?
9
Let o(d) = 3*d**3 - 93*d**2 + 6*d + 43. Calculate the remainder when o(31) is divided by 26.
21
Let f = 432 + -3. Calculate the remainder when f is divided by 12.
9
Suppose -4*u + 19 = -3*c, 4*c + 19 = 5*c + 5*u. What is the remainder when (c/(-2) - 2)*(-4)/3 is divided by 2?
0
Calculate the remainder when 0/199 + 20/2 is divided by 4.
2
Let t(q) = -16*q + 8. Let z be t(-9). Suppose g + 1869 = p + 4*p, -2*p + 3*g + 758 = 0. Suppose 5*c - z = p. Calculate the remainder when c is divided by 27.
24
Suppose 7*v - 21*v = -1442. What is the remainder when v is divided by 26?
25
Suppose 0 = -51*d + 65*d - 308. Calculate the remainder when d is divided by 2 + 1/((-1)/(-5)).
1
Suppose 1879 = 3*m - 2*d, 0 = -5*m + 2*d - 948 + 4081. Calculate the remainder when m is divided by 35.
32
Let n = 214 - 200. What is the remainder when 41 is divided by n?
13
Let v(n) = 3*n + 2. Let y be v(-5). Let g = 5 - y. Calculate the remainder when 69*(-3)/((-6)/2) is divided by g.
15
Suppose -124 = -5*f + 4*j, -5*j + 62 - 182 = -5*f. Suppose -3*o + 50 = -10. Let c = f - o. What is the remainder when 19 is divided by c?
3
Let v(m) = 0*m**3 + 21*m**2 - m**3 - 16 - 11*m - 7*m**2. Suppose 7 + 1 = 2*z. What is the remainder when v(13) is divided by z?
2
Suppose -5*y - 2*q + 3159 = 0, 810 = y + 5*q + 192. Calculate the remainder when y is divided by 49.
45
Let z(j) = -j**3 + 7*j**2 - 4*j + 6. Calculate the remainder when 227 is divided by z(4).
37
Let f(i) = 6*i**2 - 4*i. Let j be f(-3). Suppose 35*h - 1564 = -11*h. What is the remainder when j + (-2 - 0 - -1) is divided by h?
31
Suppose 52 = -2*a - 4*f, 3*a + 30 = -4*f - 42. Calculate the remainder when 93 is divided by 82/5 - (-8)/a.
13
Let s be 2 + 0 - 3 - -8. What is the remainder when 5*7 + 14/s is divided by 14?
9
Let t = -3 - -9. Suppose -t*k + k - 40 = 0. Let a(i) = i**3 + 8*i**2 - i - 5. Calculate the remainder when 7 is divided by a(k).
1
Let i be 5/2*(2 + 8). Let d = 43 - i. What is the remainder when 34 is divided by d?
16
Let z = -244 + 535. Calculate the remainder when z is divided by 14.
11
Let m(n) = 48*n**3 - 2*n**2 + 2*n - 1. Let a = 21 + -20. Suppose -5*b + 4*s + 10 = a, -b - 2*s = 1. Calculate the remainder when m(b) is divided by 12.
11
Let m be (-2)/(3/15*-2). Let k be 1 - 3 - (-6)/3. Let x = m + k. Calculate the remainder when 7 is divided by x.
2
Let n(j) = -7*j - 8. Let m(y) = 29*y + 30. Let o(p) = 6*m(p) + 22*n(p). What is the remainder when o(1) is divided by 6?
0
Let j = -144 + 145. Calculate the remainder when (129/(-6))/((1/(-4))/j) is divided by 18.
14
Let m be 0/2 + (-5 - -3). Calculate the remainder when 95 is divided by m + 4 + (-70)/(-5).
15
Suppose 86*u = 76*u + 630. Calculate the remainder when u is divided by 37.
26
Let j(h) = h**3 - 18*h**2 - 18*h - 15. Let y be j(19). Suppose -m + 6*m - 50 = -y*q, -3*m - 44 = -5*q. Calculate the remainder when 28 is divided by q.
8
What is the remainder when 141 is divided by ((-1)/2)/(124/16 + -8)?
1
Suppose -x + 9 = h, -4*x = -3*x - 3. Let u(l) = -l**3 + 3*l**2 - 6*l + 6. Let m be u(5). Calculate the remainder when h is divided by m/(-14) + 0 - 4/14.
1
Let a = -44 - -99. Calculate the remainder when 64 is divided by a.
9
Let d be -1*(-5)/(-1)*-1. Suppose -14 - 11 = -5*i. Suppose d*k - 70 = -i*r, 5*k = 2*r + 112 - 14. What is the remainder when k is divided by 5?
3
Suppose t - 764 = 227. Suppose 11*k - 1220 - t = 0. Calculate the remainder when k is divided by 17.
14
Let y = 15 - 9. Let c(s) = s**3 - 7*s**2 + 9*s - 6. Suppose -4*w + 135 = -w. What is the remainder when w is divided by c(y)?
9
Suppose 99 - 19 = 5*t. Let h = 15 - -16. Calculate the remainder when h is divided by t.
15
Calculate the remainder when (-8 - -1) + 79 - -11 is divided by 17.
15
Suppose 3*f = -5*x + 55, -4*x + 9*x = -5*f + 95. What is the remainder when 218 is divided by f?
18
Suppose 11*n + 4*n - 225 = 0. What is the remainder when n is divided by -20*4/30*-3?
7
Suppose -120 + 215 = 5*i. Calculate the remainder when 113 is divided by i.
18
Suppose 4*m + 4*a - 395 = m, -a = -5*m + 666. What is the remainder when m is divided by 17?
14
Let s = -22 + 15. Let a = -5 - s. What is the remainder when (-5 + 2 + 2)*(-20 + 13) is divided by a?
1
Let y(b) = -b**3 + 21*b**2 - 8*b - 167. What is the remainder when y(20) is divided by